{"id":2,"date":"2010-08-20T18:15:06","date_gmt":"2010-08-20T18:15:06","guid":{"rendered":"http:\/\/www.vonbechen.de\/Peter\/?page_id=2"},"modified":"2016-04-24T22:18:27","modified_gmt":"2016-04-24T20:18:27","slug":"eine-seite","status":"publish","type":"page","link":"http:\/\/www.vonbechen.de\/Peter\/","title":{"rendered":"Dipl.-Ing. Peter von Bechen"},"content":{"rendered":"<p align=\"LEFT\"><span style=\"font-family: Times New Roman,serif;\"><span style=\"font-size: medium;\"><a href=\"http:\/\/www.vonbechen.de\/Peter\/wp-content\/uploads\/2010\/08\/Peter-von-Bechen2.jpg\"><img loading=\"lazy\" decoding=\"async\" class=\"alignnone size-medium wp-image-19\" alt=\"Peter von Bechen\" src=\"http:\/\/www.vonbechen.de\/Peter\/wp-content\/uploads\/2010\/08\/Peter-von-Bechen2-300x199.jpg\" width=\"300\" height=\"199\" srcset=\"http:\/\/www.vonbechen.de\/Peter\/wp-content\/uploads\/2010\/08\/Peter-von-Bechen2-300x199.jpg 300w, http:\/\/www.vonbechen.de\/Peter\/wp-content\/uploads\/2010\/08\/Peter-von-Bechen2-1024x680.jpg 1024w, http:\/\/www.vonbechen.de\/Peter\/wp-content\/uploads\/2010\/08\/Peter-von-Bechen2-451x300.jpg 451w\" sizes=\"auto, (max-width: 300px) 100vw, 300px\" \/><\/a><\/span><\/span><\/p>\n<p align=\"LEFT\">Freier Fachjournalist<\/p>\n<p align=\"LEFT\">Fachgebiete:<\/p>\n<ul>\n<li>\u00a0\u00a0\u00a0 Ingenieurwissenschaften,<\/li>\n<li>\u00a0\u00a0\u00a0 Elektronik,<\/li>\n<li>\u00a0\u00a0\u00a0 Computer- und Kommunikationstechnik,<\/li>\n<li>\u00a0\u00a0\u00a0 Geschichte der Kommunikationstechnik<\/li>\n<\/ul>\n<p align=\"LEFT\">In seinem Redaktionsb\u00fcro arbeitet er an journalistischen und redaktionellen Projekten f\u00fcr Verlage, Agenturen, Unternehmen und Verb\u00e4nde.<\/p>\n<p align=\"LEFT\">Kontakt: Redaktionsb\u00fcro von Bechen<br \/>\nRennweg 8<br \/>\n85356 Freising<\/p>\n<p align=\"LEFT\"><i class=\"fa fa-phone fa-fw\"><\/i>Telefon: +49816181899<br \/>\n<i class=\"fa fa-envelope-o fa-fw\"><\/i> Email: redaktionsbuero at vonbechen.de<\/p>\n","protected":false},"excerpt":{"rendered":"<p>Freier Fachjournalist Fachgebiete: \u00a0\u00a0\u00a0 Ingenieurwissenschaften, \u00a0\u00a0\u00a0 Elektronik, \u00a0\u00a0\u00a0 Computer- und Kommunikationstechnik, \u00a0\u00a0\u00a0 Geschichte der Kommunikationstechnik In seinem Redaktionsb\u00fcro arbeitet er an journalistischen und redaktionellen Projekten f\u00fcr Verlage, Agenturen, Unternehmen und Verb\u00e4nde. Kontakt: Redaktionsb\u00fcro von Bechen Rennweg 8 85356 Freising Telefon: &hellip; <a href=\"http:\/\/www.vonbechen.de\/Peter\/\">Weiterlesen <span class=\"meta-nav\">&rarr;<\/span><\/a><\/p>\n","protected":false},"author":1,"featured_media":14,"parent":0,"menu_order":0,"comment_status":"open","ping_status":"open","template":"","meta":{"footnotes":""},"class_list":["post-2","page","type-page","status-publish","has-post-thumbnail","hentry"],"_links":{"self":[{"href":"http:\/\/www.vonbechen.de\/Peter\/wp-json\/wp\/v2\/pages\/2","targetHints":{"allow":["GET"]}}],"collection":[{"href":"http:\/\/www.vonbechen.de\/Peter\/wp-json\/wp\/v2\/pages"}],"about":[{"href":"http:\/\/www.vonbechen.de\/Peter\/wp-json\/wp\/v2\/types\/page"}],"author":[{"embeddable":true,"href":"http:\/\/www.vonbechen.de\/Peter\/wp-json\/wp\/v2\/users\/1"}],"replies":[{"embeddable":true,"href":"http:\/\/www.vonbechen.de\/Peter\/wp-json\/wp\/v2\/comments?post=2"}],"version-history":[{"count":6,"href":"http:\/\/www.vonbechen.de\/Peter\/wp-json\/wp\/v2\/pages\/2\/revisions"}],"predecessor-version":[{"id":65,"href":"http:\/\/www.vonbechen.de\/Peter\/wp-json\/wp\/v2\/pages\/2\/revisions\/65"}],"wp:featuredmedia":[{"embeddable":true,"href":"http:\/\/www.vonbechen.de\/Peter\/wp-json\/wp\/v2\/media\/14"}],"wp:attachment":[{"href":"http:\/\/www.vonbechen.de\/Peter\/wp-json\/wp\/v2\/media?parent=2"}],"curies":[{"name":"wp","href":"https:\/\/api.w.org\/{rel}","templated":true}]}}